a multiple of 50?
False
Is 8335 a multiple of 8?
False
Is 18 a factor of 126?
True
Is 58819 a multiple of 131?
True
Is 211 a multiple of 10?
False
Does 30 divide 164430?
True
Is 135 a multiple of 5?
True
Is 26 a factor of 4550?
True
Is 46 a factor of 8280?
True
Is 55545 a multiple of 136?
False
Does 37 divide 8621?
True
Is 31980 a multiple of 29?
False
Does 11 divide 53207?
True
Is 8602 a multiple of 23?
True
Is 6510 a multiple of 62?
True
Is 25 a factor of 698?
False
Is 3 a factor of 6378?
True
Is 7748 a multiple of 76?
False
Is 18 a factor of 25263?
False
Does 93 divide 5766?
True
Is 30914 a multiple of 58?
True
Is 22 a factor of 852?
False
Is 50 a factor of 441?
False
Is 819 a multiple of 13?
True
Is 22 a factor of 1766?
False
Does 21 divide 1407?
True
Is 57 a factor of 33750?
False
Is 18 a factor of 1537?
False
Is 351 a multiple of 27?
True
Is 43 a factor of 21425?
False
Is 17 a factor of 1530?
True
Does 83 divide 16351?
True
Is 577 a multiple of 52?
False
Is 156 a multiple of 37?
False
Does 11 divide 33264?
True
Is 35 a factor of 7496?
False
Is 9261 a multiple of 63?
True
Is 541 a multiple of 22?
False
Does 6 divide 2121?
False
Is 16 a factor of 960?
True
Is 1669 a multiple of 7?
False
Is 1550 a multiple of 8?
False
Is 23931 a multiple of 6?
False
Is 5660 a multiple of 4?
True
Is 14 a factor of 2072?
True
Is 26758 a multiple of 32?
False
Does 53 divide 9858?
True
Is 10 a factor of 11610?
True
Is 2185 a multiple of 27?
False
Is 16354 a multiple of 74?
True
Is 5 a factor of 54?
False
Is 1180 a multiple of 13?
False
Does 23 divide 5750?
True
Does 61 divide 4451?
False
Does 3 divide 4171?
False
Is 23 a factor of 234?
False
Does 4 divide 2802?
False
Does 19 divide 703?
True
Does 3 divide 380?
False
Is 93 a factor of 2503?
False
Does 13 divide 2470?
True
Is 1512 a multiple of 7?
True
Is 19718 a multiple of 221?
False
Is 56 a factor of 13776?
True
Is 143 a factor of 715?
True
Is 14016 a multiple of 120?
False
Does 7 divide 3239?
False
Is 134 a factor of 7638?
True
Is 8 a factor of 10638?
False
Does 89 divide 65000?
False
Is 24800 a multiple of 20?
True
Does 5 divide 366?
False
Is 51 a factor of 3952?
False
Is 390 a multiple of 26?
True
Is 10 a factor of 2078?
False
Is 205 even?
False
Is 236 a factor of 95931?
False
Is 19 a factor of 12882?
True
Is 3 a factor of 41?
False
Does 8 divide 11176?
True
Does 13 divide 720?
False
Is 8 a factor of 103?
False
Is 5 a factor of 165?
True
Is 12 a factor of 3291?
False
Is 65 a factor of 4030?
True
Does 62 divide 6520?
False
Is 16 a factor of 6960?
True
Is 6 a factor of 16854?
True
Does 12 divide 57?
False
Is 1200 a multiple of 16?
True
Is 102 a factor of 2825?
False
Is 643 a multiple of 2?
False
Is 21160 a multiple of 5?
True
Is 7168 a multiple of 14?
True
Does 14 divide 910?
True
Is 6027 a multiple of 49?
True
Does 10 divide 893?
False
Is 1494 a multiple of 9?
True
Does 80 divide 92160?
True
Is 1274 a multiple of 7?
True
Is 32164 a multiple of 86?
True
Is 4224 a multiple of 16?
True
Does 13 divide 611?
True
Is 43 a factor of 1376?
True
Is 14459 a multiple of 2?
False
Is 29 a factor of 480?
False
Is 45 a factor of 936?
False
Does 35 divide 105?
True
Is 17 a factor of 1224?
True
Is 23 a factor of 7291?
True
Does 31 divide 1178?
True
Is 456 a multiple of 19?
True
Is 430 a multiple of 9?
False
Does 4 divide 2070?
False
Is 768 a multiple of 16?
True
Is 34 a factor of 1454?
False
Does 115 divide 8318?
False
Is 1024 a multiple of 4?
True
Does 32 divide 38496?
True
Is 38360 a multiple of 40?
True
Is 35 a factor of 665?
True
Is 217 a multiple of 49?
False
Is 29 a factor of 62?
False
Is 484 a multiple of 15?
False
Is 37 a factor of 24864?
True
Does 11 divide 379?
False
Is 8 a factor of 1280?
True
Is 71 a factor of 2485?
True
Does 80 divide 98080?
True
Does 307 divide 79206?
True
Does 33 divide 198?
True
Is 19 a factor of 30306?
False
Is 32071 a multiple of 114?
False
Is 138 a multiple of 4?
False
Is 5088 a multiple of 12?
True
Is 25 a factor of 6626?
False
Does 8 divide 2612?
False
Does 65 divide 1265?
False
Is 12 a factor of 2802?
False
Is 16 a factor of 2544?
True
Does 80 divide 1480?
False
Is 1757 a multiple of 9?
False
Is 71 a factor of 13561?
True
Is 33 a factor of 60667?
False
Is 38 a factor of 646?
True
Is 64 a factor of 906?
False
Is 58 a factor of 464?
True
Is 38 a factor of 6992?
True
Is 220 a multiple of 5?
True
Does 68 divide 81288?
False
Does 48 divide 12442?
False
Is 11 a factor of 1870?
True
Does 117 divide 144?
False
Is 39072 a multiple of 74?
True
Does 31 divide 372?
True
Does 7 divide 378?
True
Is 1600 a multiple of 17?
False
Is 1255 a multiple of 11?
False
Is 1056 a multiple of 44?
True
Is 56 a factor of 1103?
False
Does 9 divide 12307?
False
Is 19656 a multiple of 8?
True
Does 107 divide 107?
True
Is 8 a factor of 54?
False
Is 73 a factor of 28891?
False
Is 3373 a multiple of 52?
False
Does 8 divide 3419?
False
Is 32 a factor of 446?
False
Does 4 divide 1550?
False
Is 947 a multiple of 12?
False
Does 17 divide 425?
True
Does 23 divide 1419?
False
Is 15525 a multiple of 23?
True
Does 9 divide 2799?
True
Is 8 a factor of 432?
True
Is 1855 a multiple of 35?
True
Is 329 a multiple of 7?
True
Is 2268 a multiple of 48?
False
Does 38 divide 224?
False
Does 7 divide 178?
False
Does 22 divide 5748?
False
Does 7 divide 335?
False
Does 11 divide 2959?
True
Does 312 divide 12813?
False
Is 28 a factor of 924?
True
Does 52 divide 988?
True
Does 3 divide 4251?
True
Is 79550 a multiple of 246?
False
Does 80 divide 37440?
True
Is 50 a factor of 13900?
True
Is 19341 a multiple of 63?
True
Is 2745 a multiple of 9?
True
Is 41613 a multiple of 33?
True
Does 48 divide 31728?
True
Is 457 a multiple of 28?
False
Is 1044 a multiple of 18?
True
Is 3641 a multiple of 26?
False
Does 27 divide 1597?
False
Does 13 divide 1235?
True
Is 5715 a multiple of 15?
True
Is 20 a factor of 423?
False
Is 17 a factor of 510?
True
Is 35 a factor of 4760?
True
Is 8 a factor of 2435?
False
Does 36 divide 30787?
False
Is 1701 a multiple of 63?
True
Is 5235 a multiple of 15?
True
Is 5712 a multiple of 34?
True
Is 1324 a multiple of 4?
True
Is 13260 a multiple of 34?
True
Does 12 divide 13645?
False
Does 7 divide 3713?
False
Is 1396 a multiple of 4?
True
Is 12116 a multiple of 8?
False
Is 15 a factor of 480?
True
Does 10 divide 16?
False
Does 51 divide 10023?
False
Does 3 divide 228?
True
Is 66862 a multiple of 101?
True
Is 20551 a multiple of 55?
False
Does 16 divide 528?
True
Is 95 a factor of 5847?
False
Does 228 divide 12199?
False
Is 900 a multiple of 12?
True
Does 17 divide 724?
False
Is 53972 a multiple of 9?
False
Is 26 a factor of 72348?
False
Is 793 a multiple of 11?
False
Is 4 a factor of 1772?
True
Is 4 a factor of 136?
True
Is 9 a factor of 9665?
False
Does 125 divide 40694?
False
Does 22 divide 1298?
True
Is 20065 a multiple of 44?
False
Is 89 a factor of 4539?
True
Is 17833 a multiple of 12?
False
Does 16 divide 446?
False
Is 478 a multiple of 20?
False
Is 15 a factor of 27457?
False
Does 346 divide 42212?
True
Is 1312 a multiple of 32?
True
Is 46 a factor of 1564?
True
Is 14144 a multiple of 23?
False
Is 85 a factor of 4678?
False
Does 200 divide 16308?
False
Is 9 a multiple of 2?
False
Is 72891 a multiple of 89?
True
Does 3 divide 735?
True
Is 19 a factor of 1121?
True
Does 11 divide 21348?
False
Does 2 divide 12?
True
Is 9 a factor of 288?
True
Is 15 a factor of 656?
False
Is 606 a multiple of 6?
True
Does 2 divide 215?
False
Is 15 a factor of 30120?
True
Is 220 a multiple of 55?
True
Does 80 divide 11535?
False
Is 489 a multiple of 16?
False
Is 7268 a multiple of 46?
True
Is 11 a factor of 106?
False
Is 13199 a multiple of 13?
False
Is 2165 a multiple of 5?
True
Is 11 a factor of 121?
True
Is 1008 a multiple of 21?
True
Is 60 a factor of 164420?
False
Is 825 a multiple of 10?
False
Is 17 a factor of 866?
False
Is 5156 a multiple of 8?
False
Is 2 a factor of 151?
False
Is 22 a factor of 2486?
True
Is 2 a factor of 38?
True
Is 5 a factor of 21353?
False
Is 4 a factor of 39?
False
Does 7 divide 14364?
True
Is 1360 a multiple of 80?
True
Is 25 a multiple of 2?
False
Is 6839 a multiple of 65?
False
Is 11 a factor of 187?
True
Does 6 divide 91?
False
Is 1190 a multiple of 34?
True
Is 94234 a multiple of 106?
True
Does 13 divide